7, 27997
List the prime factors of 16793230.
2, 5, 1679323
List the prime factors of 4529929.
4529929
List the prime factors of 17615514.
2, 3, 7, 419417
List the prime factors of 10300147.
11, 13, 17, 19, 223
What are the prime factors of 8541131?
109, 127, 617
List the prime factors of 2462213.
13, 189401
What are the prime factors of 249577?
17, 53, 277
What are the prime factors of 835997?
835997
What are the prime factors of 748795?
5, 149759
What are the prime factors of 6766258?
2, 1511, 2239
List the prime factors of 923856.
2, 3, 19, 1013
List the prime factors of 425665.
5, 85133
List the prime factors of 185137.
185137
What are the prime factors of 169012?
2, 29, 31, 47
List the prime factors of 2839370.
2, 5, 283937
What are the prime factors of 26963296?
2, 907, 929
List the prime factors of 5870241.
3, 13, 131, 383
List the prime factors of 428030.
2, 5, 23, 1861
What are the prime factors of 573290?
2, 5, 57329
List the prime factors of 1996456.
2, 7, 11, 463
What are the prime factors of 43167?
3, 14389
List the prime factors of 10549152.
2, 3, 36629
What are the prime factors of 12068437?
29, 416153
What are the prime factors of 537588?
2, 3, 109, 137
List the prime factors of 2761423.
7, 394489
List the prime factors of 1755434.
2, 563, 1559
What are the prime factors of 5206863?
3, 29, 97, 617
What are the prime factors of 3346623?
3, 7, 17707
List the prime factors of 741285.
3, 5, 17, 19
What are the prime factors of 3763125?
3, 5, 223
What are the prime factors of 899274?
2, 3, 67, 2237
List the prime factors of 246265.
5, 49253
List the prime factors of 259127.
11, 23557
What are the prime factors of 16338134?
2, 8169067
List the prime factors of 3660849.
3, 41, 3307
List the prime factors of 505133.
463, 1091
What are the prime factors of 25254?
2, 3, 23, 61
List the prime factors of 1814308.
2, 17, 26681
List the prime factors of 1851916.
2, 11, 42089
What are the prime factors of 36768?
2, 3, 383
What are the prime factors of 2931526?
2, 13, 137, 823
What are the prime factors of 4904606?
2, 7, 50047
What are the prime factors of 35835684?
2, 3, 37, 43, 1877
List the prime factors of 161588.
2, 7, 29, 199
What are the prime factors of 124563?
3, 41521
List the prime factors of 3117141.
3, 346349
List the prime factors of 4449899.
4449899
What are the prime factors of 356798?
2, 13, 13723
List the prime factors of 89190.
2, 3, 5, 991
What are the prime factors of 1475766?
2, 3, 27329
What are the prime factors of 1882832?
2, 7, 16811
What are the prime factors of 1211587?
13, 93199
List the prime factors of 197389.
197389
What are the prime factors of 116411?
116411
List the prime factors of 281451.
3, 23, 4079
What are the prime factors of 11660986?
2, 5830493
What are the prime factors of 1960422?
2, 3, 326737
List the prime factors of 879667.
879667
What are the prime factors of 2046299?
2046299
What are the prime factors of 4819?
61, 79
What are the prime factors of 9403057?
17, 73, 7577
List the prime factors of 3315426.
2, 3, 101, 5471
What are the prime factors of 621710?
2, 5, 62171
What are the prime factors of 3919011?
3, 83, 15739
What are the prime factors of 237007?
89, 2663
List the prime factors of 256097.
71, 3607
What are the prime factors of 91570?
2, 5, 9157
What are the prime factors of 805956?
2, 3, 47, 1429
List the prime factors of 312381.
3, 61, 569
What are the prime factors of 8672083?
7, 1049, 1181
What are the prime factors of 25658?
2, 12829
List the prime factors of 21481223.
21481223
What are the prime factors of 246426?
2, 3, 67, 613
What are the prime factors of 52019?
11, 4729
What are the prime factors of 88094?
2, 17, 2591
What are the prime factors of 40755?
3, 5, 11, 13, 19
What are the prime factors of 543077?
19, 101, 283
What are the prime factors of 694862?
2, 7, 49633
What are the prime factors of 73802?
2, 36901
What are the prime factors of 235248?
2, 3, 13, 29
What are the prime factors of 423955?
5, 7, 12113
List the prime factors of 2634287.
31, 84977
What are the prime factors of 5884335?
3, 5, 43, 3041
What are the prime factors of 2340083?
47, 49789
List the prime factors of 234488.
2, 29311
List the prime factors of 4047493.
257, 15749
What are the prime factors of 2220600?
2, 3, 5, 3701
List the prime factors of 23246270.
2, 5, 563, 4129
List the prime factors of 1316086.
2, 658043
What are the prime factors of 8451821?
7, 1207403
What are the prime factors of 623147?
7, 89021
List the prime factors of 5892395.
5, 1178479
List the prime factors of 9570970.
2, 5, 957097
What are the prime factors of 1093070?
2, 5, 11, 19, 523
List the prime factors of 2869510.
2, 5, 7, 40993
List the prime factors of 1514297.
23, 65839
What are the prime factors of 27072307?
27072307
What are the prime factors of 7205?
5, 11, 131
What are the prime factors of 7262456?
2, 907807
List the prime factors of 2064675.
3, 5, 27529
List the prime factors of 247262.
2, 123631
List the prime factors of 15258121.
19, 803059
What are the prime factors of 3838049?
887, 4327
List the prime factors of 6353146.
2, 29, 109537
What are the prime factors of 965750?
2, 5, 3863
List the prime factors of 2091429.
3, 232381
What are the prime factors of 717650?
2, 5, 31, 463
What are the prime factors of 525420?
2, 3, 5, 7, 139
What are the prime factors of 6992854?
2, 11, 317857
List the prime factors of 10340390.
2, 5, 37, 27947
List the prime factors of 1988713.
37, 59, 911
List the prime factors of 27908214.
2, 3, 4651369
What are the prime factors of 1255411?
53, 23687
What are the prime factors of 1999853?
1999853
What are the prime factors of 2783015?
5, 199, 2797
List the prime factors of 240682.
2, 13, 9257
List the prime factors of 18733444.
2, 59, 79379
What are the prime factors of 4840482?
2, 3, 67, 12041
What are the prime factors of 1691645?
5, 193, 1753
List the prime factors of 160459.
13, 12343
List the prime factors of 138744.
2, 3, 41, 47
What are the prime factors of 502478?
2, 277, 907
List the prime factors of 7811203.
7811203
List the prime factors of 10459010.
2, 5, 71, 14731
List the prime factors of 192477.
3, 83, 773
List the prime factors of 7709164.
2, 373, 5167
What are the prime factors of 542426?
2, 367, 739
List the prime factors of 50587.
50587
What are the prime factors of 14921097?
3, 181, 27479
What are the prime factors of 169199?
169199
What are the prime factors of 3643180?
2, 5, 182159
What are the prime factors of 827044?
2, 199, 1039
What are the prime factors of 367445?
5, 13, 5653
What are the prime factors of 3000133?
3000133
What are the prime factors of 308771?
17, 41, 443
What are the prime factors of 7518013?
227, 33119
What are the prime factors of 176226?
2, 3, 23, 1277
What are the prime factors of 6350260?
2, 5, 7, 67, 677
List the prime factors of 21178096.
2, 653, 2027
List the prime factors of 347033.
347033
What are the prime factors of 62472?
2, 3, 19, 137
What are the prime factors of 7039706?
2, 3519853
What are the prime factors of 114209?
19, 6011
What are the prime factors of 14125190?
2, 5, 59, 89, 269
List the prime factors of 1050768.
2, 3, 7297
What are the prime factors of 479154?
2, 3, 13, 6143
What are the prime factors of 6229604?
2, 127, 12263
List the prime factors of 10721582.
2, 41, 53, 2467
What are the prime factors of 1366275?
3, 5, 18217
List the prime factors of 6235642.
2, 7, 63629
What are the prime factors of 12836882?
2, 181, 35461
What are the prime factors of 481353?
3, 281, 571
List the prime factors of 771894.
2, 3, 19, 37, 61
List the prime factors of 594138.
2, 3, 99023
What are the prime factors of 2246336?
2, 35099
List the prime factors of 707133.
3, 7, 151, 223
What are the prime factors of 18451290?
2, 3, 5, 11, 13, 17, 23
What are the prime factors of 1671279?
3, 557093
List the prime factors of 212343.
3, 37, 1913
List the prime factors of 66755.
5, 13, 79
What are the prime factors of 1290076?
2, 322519
List the prime factors of 2450049.
3, 7, 2381
What are the prime factors of 546037?
421, 1297
List the prime factors of 1919980.
2, 5, 17, 5647
List the prime factors of 12295603.
19, 211, 3067
What are the prime factors of 436300?
2, 5, 4363
What are the prime factors of 612476?
2, 17, 9007
List the prim